5))?
-1
Calculate (43 - 14 - 24) + 3.
8
What is the value of 6 - (-12 - (-26 + 9))?
1
What is the value of (-7 - (0 + -10 - (39 - 41))) + -5?
-4
What is the value of -21 + (-4 - -12) + 17?
4
Evaluate (1 - -14) + 77 + -85 - (-1 + 13).
-5
Calculate 11 + (-22 + -19 - -23).
-7
26 - (16 - -14 - 13)
9
0 + 0 + 17 - (-233 + 270)
-20
Calculate 4 - ((-90 - -71) + 6 + 2).
15
6 + (15 - (2 + (11 - 3)))
11
Evaluate 35 - (-20 - -31) - 1.
23
What is -2 - (1 + 2 + -26) - (231 + -230)?
20
What is the value of -6 - (-8 + (-4 - (12 + -8 + -45)))?
-35
(-22 - -11) + 14 + 11 + -9
5
What is 3 - (-24 + -5 + 16)?
16
What is (1 - 4) + 7 + 733 + -758?
-21
Calculate (101 - 108) + 2 + -1 + -3.
-9
What is (7 - -3) + 0 + (-5 - -2 - -10)?
17
What is the value of -57 + 41 + 33 + -2 + -34?
-19
-4 + -17 - (-16 - -15)
-20
What is -29 - (-16 - (6 + -4))?
-11
Calculate -1 - -11 - (-30 - (-101 - -78)).
17
What is the value of (-26 - -26) + (16 + 2 - 2)?
16
Evaluate 18 + (-13 - ((-15 - 3) + 12)).
11
Evaluate 11 + 0 - (1061 - 1032).
-18
Evaluate (-2 - -3) + (-7 - 5) + 7.
-4
What is 23 - 52 - -30 - (0 + -14)?
15
(-5 - 7) + 6 + (-2 - -22) + 2
16
What is 3 - (51 + -42 + (-2 - (-1 + -4)))?
-9
What is the value of (9 - (7 - (18 + -29))) + (1 - 23)?
-31
-2 + (8 - 2) + 0 + (-287 - -272)
-11
Calculate (7 - (-2 + 1)) + (-16 - (-44 - -49)).
-13
What is (0 - 13) + (37 - 52) + 12 + 5?
-11
What is (-107 - -107 - (2 + 20 - 2)) + 7?
-13
-6 - (3 - 1) - 3 - -22
11
Calculate 4 - (-25 - (-34 - -4)).
-1
Calculate 7 + 26 + 8 + 4 + -9 - 4.
32
What is the value of -29 + 27 + -30 + 10?
-22
Evaluate -1 - -3 - (10 - (-9 + 30 + -6)).
7
(8 - (-1 + 44)) + 3 + -4 + 8
-28
Calculate 5 + (-28 - -9 - -8) - 2.
-8
(2 - 2) + 0 - (2 - 13)
11
What is 56 + -71 - (1 - (0 - -41))?
25
What is the value of 27 - (20 + 15 + -9) - (-5 + 0)?
6
Evaluate -16 + 3 + 1 + 28 - (4 + -8).
20
What is 2287 + -2280 + (0 + (1 - 2) - 4)?
2
What is the value of -16 + 1 + (-13 - -12)?
-16
Evaluate 4 + -12 - (84 - 64).
-28
What is the value of 11 + -15 + 18 - 28?
-14
Evaluate 4 + (-8 - -8) + (-2 - -7).
9
Evaluate -32 - (-24 - 7 - -10).
-11
Calculate -14 - (0 + -17 + 8) - -7 - 4.
-2
Evaluate 863 + -864 + (-14 - (0 - 1)) + 7.
-7
Calculate (9 - 4) + -12 + -13.
-20
Evaluate -4 - (7 + -11 + 15) - -1.
-14
What is (4 - 9 - -2 - -1) + 5 - 1?
2
Calculate (1 + -1 - (-254 + 257)) + (0 - -1).
-2
-2 + -8 + (-25 - -18) - 2
-19
What is the value of 7 + 4 + -4 + -20 + (0 - -2)?
-11
What is the value of 45 - 33 - (6 - (2 - -2))?
10
Calculate (10 - (-18 + 33)) + 4 + 4 + -24.
-21
What is the value of 17 + -1 + -20 + 6 - -14?
16
(-6 - (-3 + 1)) + (-191 - -187)
-8
0 + 10 + 0 + (-87 - (89 + -141))
-25
26 - ((-11 - -9) + -6)
34
What is the value of (3 - 14) + 20 + (0 - 0) + 4?
13
Evaluate -5 - (34 - 15 - (2 - (-7 - -15))).
-30
(28 - (20 - -30)) + 53
31
-3 + (-3 - -7 - -1) + -5 + 5
2
-6 + 9 - (0 + -2) - (-9 - -24)
-10
What is the value of -11 + 13 + -10 - (-6 + 12 + -37)?
23
What is (3 - 3) + (6 - 2) + -54 + 40?
-10
Evaluate 1 + (10 - 3) - (8 - 0).
0
Evaluate 14 - (22 - (-12 - -21)).
1
What is (8 - (-12 - -14)) + -30 - -17?
-7
What is the value of (0 + -2 - 8) + 3?
-7
What is 33 + 3 + (-90 - -71)?
17
What is -1 - (-1 + -2 + (8 - 13))?
7
-7 + (21 - 15) + -22 + -3
-26
What is -38 + 66 - (2 - -11)?
15
What is the value of -5 + (12 - 9) + -4 + 21?
15
Calculate (5 - (0 - 11 - 4)) + -4.
16
Calculate 4 - (-18 + 18) - -9.
13
Evaluate -3 + (-1 - -6) - (49 + -74).
27
Calculate (-1 - 22) + (4 + -11 + 22 - 12).
-20
-8 - -10 - (11 + (9 - 0) + -9)
-9
What is the value of -1 + (-4 + -1 - 0) + 2?
-4
Evaluate (222 - 260) + 1 + 8 + 18.
-11
What is -3 + -5 + 16 - (4 - 25)?
29
17 - 6 - 23 - -12
0
What is the value of 5 - (8 + 1) - (-17 - -17)?
-4
Evaluate (-2 - (9 - (3 + -1 - -4))) + -1.
-6
Evaluate 30 + (-34 - -5) + 18.
19
Evaluate -3 - -7 - -3 - (-8 - -16).
-1
Evaluate 15 - -2 - (-7 + 23 - (-14 - -27)).
14
What is the value of 8 + -5 + 4 + (9 - (11 - -4))?
1
What is the value of -1 + 12 + (0 - 13)?
-2
What is -11 - -10 - ((-7 - 3) + -6)?
15
What is (29 + -14 - 2) + -6 - (-1 - -5)?
3
-12 - (23 + -36) - -11
12
Calculate -7 - (7 - (-4 + 14)).
-4
What is the value of -40 + 0 + -1945 + 2009?
24
Calculate 6 - (7 + 1) - 6.
-8
What is -25 - -3 - -5 - -13?
-4
-11 - (-1 + 0 + -4 - (-91 + 99))
2
What is the value of 3 - (3 - -7) - (2 + 1)?
-10
Calculate -20 + (14 - ((-5 - 1) + 22)).
-22
Evaluate -45 - -25 - (9 - 3 - (1 + -5)).
-30
What is -17 - (3 + -27 + 14)?
-7
What is the value of -17 - (-2 + (24 - -1) - 17)?
-23
What is 3 - -15 - (-7 + -10 + 0)?
35
What is the value of (18 - -1) + 4 + -22 + 10?
11
What is -21 - -11 - -2 - -15?
7
Calculate -130 - -150 - (0 + 20) - (-1 - -3).
-2
What is the value of 16 - 4 - (2 + 0 - 4)?
14
What is -1 + 7 - (1 - (-5 - (1 - 5)))?
4
-11 + (1 - -12) + (5 - -4)
11
0 + (-6 + 0 - -4) + 4 + -10
-8
What is the value of 3 + 0 - ((-2 + 4 - -4) + 0)?
-3
What is (-4 - 2) + 19 + (-26 - -25)?
12
What is the value of -18 + 4 + (6 - 8)?
-16
(-8 - (-5 - 1)) + (9 - 1)
6
Evaluate 9 - ((7 - -7 - 2) + -11).
8
-3 - -12 - (-5 + 25)
-11
5 + -2 + 3 + -5 + (34 - 10)
25
-11 + 2 + 0 - (404 - 407)
-6
What is -5 + (6 - 19) + (-2 - (0 - 3))?
-17
Evaluate (7 - 3) + -3 + 2 + (-24 - -26).
5
Evaluate -1 + 7 + -2 + 2 + -17.
-11
What is the value of 40 + 25 + -42 + (-1 - -3)?
25
What is 22 - 38 - -33 - 10?
7
What is the value of -2888 - -2907 - (4 - (1 + -1))?
15
-12 + (16 - 16) + 9
-3
What is the value of ((-1 - -6) + 0 - -4) + 1?
10
What is the value of 0 + 17 + 8 - 15?
10
(10 - 23 - -6) + 14
7
Calculate (9 - (-5 + (10 - (-9 + 7)))) + 16.
18
Calculate -4 + 15 + 0 - 10.
1
Evaluate -17 + (8 - (-10 + 8)).
-7
0 - -8 - (16 + -12 - 3)
7
What is (2 - 5) + -10 + -7 + 29?
9
-26 - (8 + -11 - 16)
-7
Evaluate 5 + -1 - (583 - 579).
0
What is the value of -15 - (-20 + 3 + 9) - 0?
-7
What is the value of -4 - (-8 + -20 + 35)?
-11
What is the value of (2 - -4) + 2 + -4 + 5?
9
What is the value of (-15 - -50) + -54 - -47?
28
Evaluate 0 - 3 - 2 - (-1 + -11 + 16).
-9
Evaluate 7 + -8 + -13 + 5 + 1 + 5.
-3
Evaluate -3 - (4 + -18 + 5).
6
What is 15 + -10 + 4 + -11?
-2
Calculate 9 - (-7 - -15) - 16 - -10.
-5
What is the value of 1 + (2 - 1) + (18 - 8 - 9)?
3
What is the value of 1 + -12 + 133 + -134?
-12
Calculate 1 + -1 + (-5 - -4) + 21.
20
What is the value of (-1 - 14) + (-83 - -84)?
-14
What is 10 + -8 + 1 + 14 + -5 - -9?
21
What is 5 + 1 + (-4 - (-4 + 5) - -2)?
3
Evaluate -18 + 34 + -9 + -30.
-23
What is (-7 - 4) + -3 + (-3 - (-14 - -3))?
-6
(-11 - (2 + -6 + -12)) + (6 - 23)
-12
What is the value of (0 - -23) + -16 - 19?
-12
Calculate (15 - (15 + 20)) + 45.
25
(15 - 15 - 7) + 4
-3
-13 + (-20 - 13 - -11 - -12)
-23
Evaluate 8 - ((20 - -8) + -8).
-12
What is the value of (-13 - 0) + (-60 - -70)?
-3
What is the value of 12 - (14 - (13 + -3))?
8
What is 7 + -20 + 38 + -13 - 50?
-38
(-77 - -39) + 41 - (0 + 1)
2
(-1 - -5) + -13 + (2 - -17)
10
Evaluate 7 + -58 + 64 + (-11 - 0).
2
Evaluate 9 - 22 - (-5 + 0).
-8
What is -34 + 8 + (6 - 16 - 3)?
-39
Calculate 12 - 12 - (-1 + -9).
10
Calculate -8 - (0 - (2 - -3 - -8 - -2)).
7
Evaluate (3 - -10) + -3 - (1 + 4) - 0.
5
Evaluate -463 - -499 - (0 - -35).
1
What is the value of -5 + 17 + 1 + -2 + -2 + -3?
6
Calculate -11 + -1 - (-995 - -976).
7
-12 + 40 - 17 - 8
3
Calculate (-21 - (-3 - (-6 + 9))) + 32.
17
What is 5 + 0 - (-9 + 5 - (10 + -3))?
16
Calculate (27 - 7) + 0 - (21 + -15).
14
What is the value of -29 - -45 - (-3 - -32)?
-13
What is the value of -9 + 0 + -7 + 12 + -5 - 23?
-32
Evaluate (-3 - (-2 + 4) - 1) + 21.
15
-12 + (-60 - -83) + 2 + -2
11
What is (16 - (9 - 5 - 0)) + (9 - 14)?
7
What is 7 + (7 - (-3 - -11) - 13)?
-7
-1 - (-11 + (-15 - (0 - 5)))
20
What is the value of 1 + 3 + (-11 + -12 + 10 - -9)?
0
Calculate 1 + -2 - (2 + 0) - (-144 + 142).
-1
What is the value of (-5 - (-2 - 6)) + (4 + 1 - -3)?
11
27 + 0 + (-56 - -22)
-7
Calculate (-3 - ((-8 - -8) + -12)) + 3.
12
What is 2 - 4 - -10 - (-47 - -79)?
-24
Evaluate 0 - (15 + 1 + -10).
-6
Evaluate (-1 - -31) + (-2611 - -2603).
22
What is 1620 + -1615 - ((0 - (0 - 1)) + 1)?
3
Calculate 17 - (1 + (-23 - -33)).
6
Calculate (-9 - -2) + (-10 - (-9 + (-4 - 1))).
-3
Evaluate 9 + (6 - (21 + -3)).
-3
What is the value of (13 - 3) + -29 + 8?
-11
Calculate 14 + -4 + 1 + -8 + 6 + -7.
2
Calculate ((6 - 10) + 1 + 3 - 7) + -4.
-11
Wh